. Let y(z) = -44*z + 29. Let m be 1/2 + (-60)/24. Let x(q) = m*y(q) - 11*s(q). List the prime factors of x(-5).
3, 7
Let y(p) = 181*p**2 + p - 71. List the prime factors of y(-12).
25981
Suppose 26*a - r = 25*a + 2, -3*a = -5*r. Let h(n) = 4*n**3 + 7*n**2 - n - 12. What are the prime factors of h(a)?
2, 7, 47
Let j(h) = -3061*h - 61. What are the prime factors of j(-1)?
2, 3, 5
Suppose -60 = 5*q - 65, 98287 = 4*r - q. List the prime factors of r.
2, 6143
Let j(v) = 17*v - 80. Let b be j(5). Suppose -4*z + 3386 = 15*d - 13*d, d = b*z - 4222. List the prime factors of z.
5, 13
Let z = -8 + -5. Let l be -3 + z/(-5) - (-776)/(-10). Let n = -41 - l. List the prime factors of n.
37
Let i(d) = -d**2 - d + 12. Let c be i(-6). What are the prime factors of (c/(-8)*-154)/(159/(-212))?
2, 3, 7, 11
Let q(d) = 58*d - 31. Let i(s) = -174*s + 93. Let y(r) = -6*i(r) - 17*q(r). Let g(j) = -29*j + 15. Let z(f) = 5*g(f) + 2*y(f). List the prime factors of z(-4).
3, 43
Let g(a) = -a**3 - 12*a**2 - 21*a + 19. Let x be g(-12). Suppose -1001 = -4*d + x. List the prime factors of d.
2, 3, 53
List the prime factors of 937040/170 + -5*3.
23, 239
Let d be ((-8)/10)/(-4)*15. Let f(x) = x**3 + x + 1. Let j(n) = -2*n**3 + 6*n**2 - 5*n - 5. Let c(t) = f(t) + j(t). What are the prime factors of c(d)?
11
Let v be 9/2*(-4)/(-42)*7. List the prime factors of 63052/154 + v/(-7).
409
Let x(f) = -61*f + 2. Let i(j) = 121*j - 3. Let l(m) = -6*i(m) - 13*x(m). Let n be l(4). Suppose -n = 3*r - 8*r. List the prime factors of r.
2, 13
Suppose -11*l - 34 - 109 = 0. What are the prime factors of (2/l + 654/26)*35?
5, 7
Let q(t) = -16*t + 56. Let w be q(2). List the prime factors of 293/(198/w - 8).
2, 293
Suppose 145*f + 32 = 153*f. Let x(c) = 14*c**3 - 6*c**2 - 5*c + 31. What are the prime factors of x(f)?
811
Suppose 506 = 5*b + 4*c, -3*b + 8*c + 308 = 6*c. Let z = b + 7. Suppose 0 = -q + a + z, -q + 111 = -5*a + 2*a. What are the prime factors of q?
2, 3
Suppose -h + 2*x + 16 = 0, -3*h + 5*x = 32 - 81. Let b(i) = -2*i + h*i + i**2 + 4*i**2 - 6*i**2 + 26. List the prime factors of b(16).
2, 13
Let j be 2*((-4)/30 + 8589/630). Let q = 18 - 12. Let u = j - q. List the prime factors of u.
3, 7
Let s be 0 - (-3 + 4) - -2463. Let l = s + -950. List the prime factors of l.
2, 3, 7
Let i(b) = 60*b - 14. Let h be i(4). Let d be h + (2 - 0)*-1. Suppose 3*v - 278 = 2*y, -5*v + 246 + d = -5*y. What are the prime factors of v?
2, 3, 5
Let p(o) = -16 - 5 + 3 - 6*o + 1. Let h be p(-4). Suppose 0 = h*j - 185 - 746. List the prime factors of j.
7, 19
Let a be ((-12)/7)/((-78)/9282). Suppose -a*w = -199*w - 3650. What are the prime factors of w?
2, 5, 73
List the prime factors of (-6)/22 - 123897978/(-2442).
2, 3, 7, 151
What are the prime factors of ((-29344)/42)/(2/(-3))?
2, 131
Let g = -103 - 51. Let h = 207 + g. What are the prime factors of h?
53
Let w(c) = -112*c + 707. List the prime factors of w(-57).
7, 1013
Let w(c) = c**3 + 13*c**2 + 14*c - 20. Let k be w(-12). Let s = k + 92. Suppose s*d = 51*d - 9. What are the prime factors of d?
3
Let t(f) = 9*f**3 - 4*f**2 - 2*f + 13. Let o be t(2). Suppose o*s + 2250 = 75*s. What are the prime factors of s?
3, 5
Suppose 4*z - 14 + 2 = 0. Suppose -z*n + 8*n = 45. Suppose -n*r - 1799 = -16*r. What are the prime factors of r?
257
Suppose -3*j + 1137 = -0*j. Suppose 8*q - 17840 = -70*q - 2*q. Let l = j - q. List the prime factors of l.
2, 3, 13
Let r be -16 + -2 + (0 - 0). Let i be (-3 + (-530)/(-50))/(28/(-15) - -2). Let m = i + r. What are the prime factors of m?
3, 13
Let v(i) = -7*i**3 + 343*i**2 - 35*i + 51. What are the prime factors of v(47)?
2, 7333
Suppose 95*b - 142728 - 85082 = 0. What are the prime factors of b?
2, 11, 109
Let u be -3 + 99690/24 + (-2)/(-8). Suppose -13*t - 1421 = -u. List the prime factors of t.
2, 3, 5, 7
Let w = 548 + 1043. List the prime factors of w.
37, 43
Suppose -r + 34 = 3*r - 3*b, 0 = -5*r + 5*b + 40. Suppose -r*f = -6*f + 76. Let t = f - -60. What are the prime factors of t?
41
Let t(s) = -2*s - 27. Let d be t(-15). Suppose 6 = -3*k, d*v + 2*k + 2 = 1. What are the prime factors of (4 + (-378)/(-12))*(3 - v)?
71
Let y = -3151 - -5627. List the prime factors of y.
2, 619
Let x(z) = 16*z + 39. Let j be x(30). Suppose 4*f = 3*k + j, 4*k = -2 - 2. List the prime factors of f.
3, 43
Let k(n) = -10 - 7 + 36*n - 7*n. Let j(w) = -15*w + 9. Let c(a) = -5*j(a) - 2*k(a). List the prime factors of c(7).
2, 3
Let t = 5417 + -5331. What are the prime factors of t?
2, 43
Let i(g) = 44*g - 74 - 53 + 146. List the prime factors of i(1).
3, 7
Let r(u) = u**3 - 21*u**2 + 31*u + 10. Suppose 0*n + 3*n - 4*d - 40 = 0, 5*n + d - 105 = 0. What are the prime factors of r(n)?
2, 5, 23
Suppose 61*y - 889971 = -68*y. What are the prime factors of y?
6899
Let l be -29 - 2 - (4 + -3 - 0). Let a be 400/(-4) - (l/4)/(-4). Let r = a - -149. List the prime factors of r.
47
What are the prime factors of (6 - 12) + 7/((-14)/(-12)) + 10680?
2, 3, 5, 89
Let d(m) = 104*m**2 - 33*m - 296. What are the prime factors of d(-17)?
3, 1123
List the prime factors of (7844 - (-330)/(-15)) + -14.
2, 61
Let q = 125 + -121. Suppose -q*l = 4, -2*c - 5*l + 76 = -671. List the prime factors of c.
2, 47
Suppose -7*r - 14 = -9*r - 2*u, -2*u = 3*r - 17. Suppose -3*g + 1765 = -2*k, -15*g - r*k + 2910 = -10*g. What are the prime factors of g?
3, 5, 13
Let a(c) = c**2 - 3*c - 3. Let f(s) = s**2 - 2*s - 2. Let j(p) = -3*a(p) + 5*f(p). Let q be j(2). What are the prime factors of 737/q + (-6)/15?
3, 7
Let w(l) = l + 6. Let t be w(-4). Let i be 3 + (t - 15 - 2). What are the prime factors of (i + 13)/(2/36)?
2, 3
Let q(m) = 3*m**3 + 5*m**2 - 34. What are the prime factors of q(6)?
2, 397
Suppose -5*a + 5*s + 18 = 3, a - 4*s = 3. Let t be 54 - 0*(-4 + a). What are the prime factors of (t/(-5))/((-9)/60)?
2, 3
Let n(k) = 4*k**3 + 284*k - 3*k**3 - 307*k - 19 - 6*k**2. List the prime factors of n(15).
11, 151
Suppose -747476 - 641024 = -125*j. List the prime factors of j.
2, 2777
Let m(s) = s**3 + 55*s**2 + 155*s + 151. What are the prime factors of m(-38)?
7, 2687
Let i(h) = 8*h**2 - 55*h + 41. Let f(w) = -26*w**2 + 165*w - 123. Let z(k) = 2*f(k) + 7*i(k). List the prime factors of z(19).
2, 5, 11
Let c(s) = s**3 + 12*s**2 + 11*s + 1. Let t be c(-10). Let a = -82 + t. List the prime factors of 3/a - 0 - 4246/(-33).
3, 43
What are the prime factors of (-16 - 1/(-1))*(-158)/237?
2, 5
Let h(m) = 5*m**2 + 8*m. Let c be h(-2). Suppose 0 = -c*n + 4*g + 1964, -2*g = -5*n + 3110 - 667. What are the prime factors of n?
487
Suppose -5*q + 2965 = 5*p, 32*p + 4*q = 30*p + 1176. List the prime factors of 4 - (-19 - -15)*p/8.
3, 101
Suppose 4*h - 5*b = 21, 2*h - 5*b - 2 = 11. Suppose t - 1010 = -3*w, h*w - 2 - 6 = 0. What are the prime factors of t?
2, 251
Suppose -52*w + 128610 = -7*w. List the prime factors of w.
2, 1429
Suppose 194 = -4*k + 206. Suppose 3*m - 219 = -k*b, 2*m + 0*m - 142 = -3*b. List the prime factors of m.
7, 11
Suppose 6*n - 2*n = c + 476, 0 = 5*c. Let w = -94 + n. What are the prime factors of w?
5
Let r(g) = 2*g**3 + 12*g**2 + 11*g + 5. Let p be r(-5). Let m be 0 - (0 + -4 + p). Suppose -850 = -14*z + m*z. What are the prime factors of z?
5, 17
Let d = 60035 - 26353. List the prime factors of d.
2, 11, 1531
Let w(q) = -6*q**3 - 6*q**2 + 3*q - 3. Let a = 4 - 11. Let i(n) = -5*n**3 - 5*n**2 + 3*n - 3. Let p(v) = a*i(v) + 6*w(v). What are the prime factors of p(-3)?
2, 3, 5
Let d(b) = 5*b**2 + 131*b + 1566. What are the prime factors of d(70)?
2, 23, 383
Let j(b) = b**2 - 7*b - 8. Let w(n) = -n**3 + n + 2. Let o be w(-2). Let c be j(o). Let v(q) = 4*q + 120. List the prime factors of v(c).
2, 3, 5
Suppose -5*t = k - 788, -13*k + 3940 = -8*k + 2*t. List the prime factors of (22/(-132))/((-1)/k)*6.
2, 197
Let r(a) = 0*a**3 - 4*a**3 + 15 + 11*a**2 + 3*a**3 - 4 - 12*a. Let h = 316 - 308. What are the prime factors of r(h)?
107
Let z(x) = -x**2 + 13*x + 4. Suppose -69 = -5*m - 4*l, 1 = 4*l - 3*l. Let t be z(m). Suppose 0 = 5*w - 6*w - 3, 2*c + 4*w = -t. List the prime factors of c.
2
Suppose 0 = 3*p - 6, 4*v - 4*p - 63 = -27. What are the prime factors of (6/v)/3 - 862980/(-1045)?
2, 7, 59
List the prime factors of (-5 + 50168/(-32))/(6/(-16)).
2, 3, 233
Let x = -7975 + 16414